What is the remainder when j is divided by y?
14
Suppose -5*t + 11 + 9 = 0. Suppose 560 = t*y + y - 5*p, 0 = -5*y + 3*p + 556. What is the remainder when y is divided by 38?
34
Let o be (-30)/4*(-12)/(-18) + 675. Let x = o + -647. Calculate the remainder when 65 is divided by x.
19
Let r(i) = -5*i + 15. Suppose 3*v = -4*c - 12, 4 = -0*v - v - c. What is the remainder when 58 is divided by r(v)?
23
Let l(n) = 4*n - 10. Suppose -227 = -3*d + 208. Let o = -112 + d. Calculate the remainder when o is divided by l(7).
15
Suppose 0 = -3*t - 114*g + 111*g + 30, 3*g - 48 = -5*t. Calculate the remainder when 107 is divided by t.
8
Calculate the remainder when 785 is divided by -3*(10 - 712/24).
18
Let z(p) = -18*p - 141. Let r be z(-8). Suppose 3*q - 4*k = -43 + 183, r*k - 3 = 0. Calculate the remainder when 183 is divided by q.
39
Suppose 0 = -a + 4*a - 2*r - 53, -4*r + 29 = 3*a. Let w = -72 - -74. Suppose w*l + 3*y - 11 = 4, -a = -3*l + 3*y. What is the remainder when 41 is divided by l?
5
Let m(u) = -u**3 + 20*u**2 + 96*u + 40. Let p = 52 + -28. Calculate the remainder when 115 is divided by m(p).
35
Let d = -103 + 105. Suppose 99 - 137 = -d*h. Suppose h*a - 6*a - 546 = 0. What is the remainder when a is divided by 9?
6
Let n be (-80)/55 - 42/77. Let i be 102/(1 + 0/1). What is the remainder when 2*(n - -4) + i is divided by 37?
32
What is the remainder when (((-16)/88)/((-112)/154))/((-2)/(-3880)) is divided by 99?
89
Let d = 422 - 408. Let k = 23 + 32. What is the remainder when k is divided by d?
13
Let l(s) = -5*s**3 + 35*s**2 - 12*s + 12. What is the remainder when 563 is divided by l(5)?
159
Let y = 32289 + -32270. Calculate the remainder when 3162 is divided by y.
8
Calculate the remainder when 1192*(-1 + (-143)/(-121))*(-11)/(-2) is divided by 43.
31
Let q(k) = -k**2 + 6*k - 8. Let p be q(4). Suppose 9*f = 10*f + 4*n - 86, p = -4*f + 4*n + 424. What is the remainder when f is divided by 22?
14
Let z(m) = -35*m**3 + 2*m**2 + 14*m + 5. Let y be 546/(-189) + (-3)/27. What is the remainder when z(y) is divided by 58?
56
Suppose 0 = -s - 5*j + 1 + 10, -32 = -s + 2*j. What is the remainder when ((-3)/(-3))/(1/102) is divided by s?
24
Let a = -30 - -9. Let z = 35 + a. Let w(s) = 11*s - 11. Calculate the remainder when w(6) is divided by z.
13
Let i = -12862 - -13175. What is the remainder when 532 is divided by i?
219
Let o(t) = -2*t**2 - 47*t + 34. Let x(u) = 5*u**2 + 93*u - 67. Let i(k) = 5*o(k) + 3*x(k). What is the remainder when 185 is divided by i(-11)?
5
Let n(j) = 3*j + 64. Let r be n(-24). Calculate the remainder when 61/(36/r + 5) is divided by 18.
14
Let q = 3693 + -3584. Calculate the remainder when q is divided by 58.
51
Let d(t) = 68*t**3 + 2*t**2 - 4*t + 1. Calculate the remainder when 248 is divided by d(1).
47
Suppose 573*t = 575*t + r - 1073, 3*t - r - 1627 = 0. Calculate the remainder when 1630 is divided by t.
10
Suppose -3*w + 0 = -6. Let h = w - -115. Calculate the remainder when h is divided by 15.
12
Suppose -364 = -5*n + 371. Suppose s = 3*r - 753, -s + 1603 - 606 = 4*r. Suppose 23*m = 28*m - r. Calculate the remainder when n is divided by m.
47
Suppose 3*i - 10*u + 14*u - 3 = 0, -4*i + 8 = 4*u. Suppose -3*t + 8*t - 75 = -4*w, 2*w - i*t = 75. What is the remainder when 68 is divided by w?
18
Let c be (-2 + (-6)/(-9))/((-8)/744). Let y = c + -116. Calculate the remainder when 478 is divided by y.
6
What is the remainder when (-7 + 100/(-60))/(1/(-39)) is divided by 9?
5
Suppose -4*q - 585 = -5*r, -5*q + 5 = -4*q. What is the remainder when r is divided by (186/(-42))/((-4)/28)?
28
Suppose -3*j = -7*j - 340. Let q = j + 260. What is the remainder when q is divided by 36?
31
Let p(r) = 7*r**2 + 10*r - 7. Let g(x) = -x + 21. Let b be g(16). Calculate the remainder when p(b) is divided by 55.
53
Let t be ((-2)/4)/(8 + (-113)/14). Calculate the remainder when ((-3)/9)/(t/(-3675)) is divided by 59.
57
Calculate the remainder when 2729 is divided by (1/(-1))/((-3)/105).
34
Suppose -5*p + 6 + 27 = r, 10*p - 45 = 5*r. What is the remainder when 2007 is divided by p?
3
Suppose -8 = -4*o, -5*f + 3 + 7 = -5*o. Suppose 0 = f*z - v - 44, v - 16 = -3*z + 2*z. Calculate the remainder when (60/4)/(-3)*-7 is divided by z.
11
Suppose -4*k + 1468 = -0*k. Let w = -283 + k. What is the remainder when 248 is divided by w?
80
Let g = 2093 + -1920. Calculate the remainder when g is divided by 6.
5
Suppose 4*i = y - 66, 9*i - 142 = -3*y + 7*i. Suppose 324 = 2*u - y. Calculate the remainder when u is divided by 16/20*(-190)/(-4).
35
Let i(p) = 22*p - 11*p + 29 + 0 - 12*p. Calculate the remainder when i(19) is divided by 6.
4
Let c(s) = -s**2 + 9*s - 7. Suppose 0 = 10*y + 833 - 2513. Calculate the remainder when 7/(y/6) + (-326)/(-8) is divided by c(6).
8
Let g(h) = -h**3 + 14*h**2 + 17*h. Let o = 6 - -9. Let q be g(o). What is the remainder when 31 is divided by q*(1 - (3/5 - 0))?
7
Suppose 9 = 4*z - 11. Let h = 11 - z. Suppose 13*c = u + 614 - 747, 98 = 2*u - 5*c. Calculate the remainder when u is divided by h.
5
Suppose -4*y = -p + 40, -5*p + 25 = -3*p + 3*y. What is the remainder when (-21)/(-2)*40/6 is divided by p?
10
Let m be (-8)/(-3) + -2 - (-385)/(-15). Let v = 49 + -22. Let n = m + v. What is the remainder when 3 is divided by n?
1
Let q(y) = 14*y - y**2 - 7*y - 8*y + 3*y**2 - y**3 + 24. Let w be q(0). Suppose 4*c - w = 40. What is the remainder when 46 is divided by c?
14
Let d = 1180 - -3034. Calculate the remainder when d is divided by 525.
14
Let b(p) = 10*p**2 - 4*p - 60. Let n be b(-6). Let f = 368 - n. Calculate the remainder when f is divided by 16.
12
Suppose 13*v + 4*v + 442 = 0. Let x be (-1 - 53)/((-4)/4). Let g = x - v. Calculate the remainder when g is divided by 17.
12
Suppose 13*m + d = 11*m + 46, 5*m - 5*d = 70. Calculate the remainder when 2497 is divided by m.
17
Suppose 5 = -5*o, -h - 5*o - 61 = -5*h. Let d(c) = -22*c - 8 + 7*c + 11 + 2*c**2 + 12. What is the remainder when d(12) is divided by h?
11
Let v = 30711 + -30667. Calculate the remainder when 1050 is divided by v.
38
Let x = -839 + 1187. What is the remainder when x is divided by 10?
8
Let r = -4234 + 4436. What is the remainder when r is divided by 29?
28
Let i = -226 - -231. Suppose 0 = -f + c + 403, 2*f - i*f = -4*c - 1208. What is the remainder when f is divided by 24?
20
Let b = 3 + 25. Suppose i + w - 3*w = 3, -4*i + 4*w + b = 0. Suppose -i = -p + 68. What is the remainder when p is divided by 9?
7
Let i(x) = 3*x**2 + 3*x + 5*x**2 + 0*x**2 - 10*x**2 - 6*x**3 + 1. Calculate the remainder when 79 is divided by i(-2).
9
Suppose -1405 - 2471 = -57*r. What is the remainder when 274 is divided by r?
2
Suppose -5*z = 67*k - 62*k - 270, 0 = 5*z + 3*k - 278. What is the remainder when 136 is divided by z?
20
Suppose -r = 9*r + 4600. Let l = -261 - r. What is the remainder when l is divided by 68?
63
Let k(g) = g**2 + 2*g + 1. Let r be k(4). Suppose -27*m - 26 = -r*m. Let a(x) = -7*x + 2. What is the remainder when a(m) is divided by 16?
13
Let c(z) be the first derivative of 20*z - 13 - 1/2*z**2. What is the remainder when 42 is divided by c(11)?
6
Let k(c) be the first derivative of 13 - 5*c**2 + 14*c - 1/3*c**3. Calculate the remainder when 27 is divided by k(-10).
13
Let o(u) = -45*u**3 + 4*u**2 + 2*u - 3. What is the remainder when o(-2) is divided by 37?
36
Let l(c) = -32*c**3 + 11*c**2 - 8*c - 4. Calculate the remainder when l(-4) is divided by 49.
47
Let z(f) = 218*f**2 + 93*f - 2. What is the remainder when z(1) is divided by 8?
5
Suppose -w = n - 172, 298*w = -3*n + 299*w + 504. Calculate the remainder when 809 is divided by n.
133
Let b = -39 - -63. Suppose k = -k + b. Suppose -6*p = -p - 280. What is the remainder when p is divided by k?
8
Suppose -3*f + 3*x - 339 = 0, 0 = f + 2*x + 46 + 82. Let p = 127 + f. What is the remainder when 31 is divided by p?
4
Let l = -12 + 4. Let u = l + 59. Let w = 76 - u. What is the remainder when w is divided by 3?
1
Suppose 0 = -110*o + 109*o + 39. Let m = o - 12. Calculate the remainder when m is divided by 6.
3
Suppose -3*t - 9*h + 108 + 165 = 0, -5*t - h = -497. What is the remainder when 548 is divided by t?
48
Let v = 4273 + -4244. What is the remainder when v is divided by 22?
7
Let i(o) = o**2 + 39*o - 1494. 